 j(x) = -373820*x + 675. Is j(-4) a prime number?
False
Let v(s) be the second derivative of -s**4/2 - s**3 + s**2/2 + 7*s. Let m be v(-10). Let z = m - -946. Is z a prime number?
False
Let f be -8*(-1)/(-2) + 215 + -3. Suppose 0 = -3*u - 5*h + 2381, -2*u - 2*h = -1798 + f. Is u a prime number?
True
Let s = -7275 - -7303. Let z = -32 + 18. Is 7116/s + 2/z a composite number?
True
Let l = 189659 + 890. Is l a composite number?
True
Suppose -20 = 4*l, 3*l = 5*j - l + 38070. Let c = j - -14649. Is c composite?
True
Suppose 7*p + 76112 + 10968 = 0. Let m = 22597 + p. Is m a composite number?
True
Let f(a) = -198*a**2 - 11*a + 149. Let k be f(-20). Is 25/50 + k/(-6) prime?
False
Suppose 0 = 4*n - 2*d + 5*d + 24, -30 = 5*n - 2*d. Let a be n/39 - ((-50)/(-13) + -2). Is 37 + -2 + a/2 a prime number?
False
Let i(h) = 579*h**2 - 96*h - 700. Is i(-29) a composite number?
True
Let w = -332131 - -650802. Is w composite?
False
Let y(h) = 41280*h + 6451. Is y(8) prime?
False
Suppose -4*s + 109876 = -0*s + 4*l, 0 = -5*s + 3*l + 137337. Let q = s + -16725. Is 48/21 + -2 - q/(-7) a composite number?
True
Let g be 4/(1/(4/8)). Let o be (g - 3)*2/1. Is 30/(-9)*411/o composite?
True
Suppose -139316 = -10*r - 3516. Suppose 0 = 5*m - 33*m + r. Is m composite?
True
Let r be (-1474)/(-110) + (-1)/(10/4). Suppose a = 5*a - 5*q + r, -q + 2 = -a. Let j(n) = 48*n**2 + 2*n + 5. Is j(a) a prime number?
True
Suppose -845631 = -4*k + 4*m + 48305, -670396 = -3*k - 5*m. Is k prime?
False
Let o(d) = -2*d**2 - 37*d - 54. Let s be o(-17). Is (-16224)/s + 102/17 a composite number?
True
Let u(q) = q + 95. Let m be u(-38). Is (m/(-6))/(9/(-558)) a composite number?
True
Suppose -13*a = 5*a - 36. Suppose 4*h = 8*h + 4*i - 114560, a*h - 57274 = -4*i. Is h a prime number?
True
Let t(r) = 63*r**2 - 461*r + 169. Is t(-18) a composite number?
False
Suppose 16*r - 18*r = -30. Suppose r*o - 10*o = 9960. Suppose -3*m - o = -7575. Is m prime?
True
Suppose 0 = 2*m - 6*m + 20. Suppose -980 = m*d - 14135. Is d prime?
False
Suppose 2*j = -5*z - 19, 2*j - z = 2*z + 21. Suppose 5*l + 0*a + 154 = j*a, a = -4*l - 130. Is (-26)/((l/12)/4) composite?
True
Suppose 4*z = -4, 3*p + 2*z = 2*p + 5627. Let u = 10608 - p. Is u composite?
True
Let o = 25 - 17. Let d be (-3)/o - (-20325)/(-200). Let r = d - -189. Is r a composite number?
True
Let k(n) = 1670*n**2 - 177*n - 1120. Is k(-19) a composite number?
False
Suppose -24*x + 981903 = 3*a + 190758, 1318614 = 5*a + x. Is a a composite number?
False
Let n(c) = -c**3 + 10*c**2 + 17*c - 7. Let w be n(11). Let r = -57 + w. Is 886 - ((5 - 6) + (-4)/r) composite?
True
Let a = -551 - -555. Let k(t) = 1088*t**2 + 19*t - 85. Is k(a) a prime number?
False
Let z = 279785 - 31378. Is z composite?
False
Is 11282 - (32/56 + 195/(-35)) a composite number?
False
Let x be 37566/(-45)*(-5)/2. Suppose 5*a = 7068 + x. Is a composite?
False
Suppose 0 = 5*t, 0*r + 10 = 2*r - 5*t. Suppose -2*c - 4 = 0, r*p - 5*c - 20 = -0*p. Suppose p*z + z - 2212 = -4*h, -2*z + 1659 = 3*h. Is h prime?
False
Let j be 4/(8/7174) - (-8)/2. Let h = j + 3472. Is h composite?
True
Let v be (148/(-16))/((-2)/64). Let h = 243 - 96. Let s = v - h. Is s a composite number?
False
Let y(g) = 4*g + 18. Let c be y(0). Suppose -14*w = -c*w + 2344. Suppose 0 = -z + 2*n + n + 143, w = 4*z - 5*n. Is z a prime number?
True
Let h = -6035 + 11198. Is h - (1 + -3)*-1 a composite number?
True
Suppose 0 = -6*i + 3*i + 471. Let p = 248 - i. Is p composite?
True
Suppose 5*z = 7313031 - 1668241. Suppose 0*c = 62*c - z. Is c a composite number?
True
Suppose -8 = w - 13. Suppose 5*a - 20 = -4*n, 25 = -5*n + w*a + 5. Suppose -2*u + 2*x + 606 = n, -4*u = -2*x - 299 - 921. Is u composite?
False
Let h(f) = -933*f - 2530. Is h(-47) composite?
True
Let r(h) = -172*h - 9. Let k(l) = 2*l. Let u(a) = -6*k(a) - r(a). Is u(2) a composite number?
True
Let u(b) = 29*b**2 + 75*b + 595. Is u(48) a prime number?
True
Suppose 8 = -5*p + 4*x, -26*p = -27*p + 3*x + 5. Is (30/25)/(p/10) + 2506 composite?
False
Let b(s) be the third derivative of s**9/60480 + s**8/2240 - s**7/5040 + s**6/72 - 7*s**5/60 - 6*s**2. Let y(j) be the third derivative of b(j). Is y(-9) prime?
True
Let q(j) = 119*j**2 + 9*j + 497. Is q(-23) composite?
False
Suppose 3*v - 3*p - 12 = 0, -v - p = -7 + 9. Let k(f) = 1196*f - 25. Is k(v) a prime number?
True
Is 2*((-95)/(-70) - 5/(-35)) + 630746 a composite number?
True
Suppose -464053 = -s - o, 2*o - 5*o = 5*s - 2320261. Is s prime?
False
Let s = -2 - 26. Let o = 291 + s. Suppose o = -2*j + 3181. Is j a composite number?
False
Is -250 + 192948 - (-34)/2 prime?
False
Let x(d) = 28*d + 25. Let o be -2 + (-4 - (-3 - 1)). Let f be -5*(-4)/(-10)*3/o. Is x(f) prime?
True
Is (-48)/8 - ((-505)/(-20))/((-2)/4792) composite?
False
Let u(k) = 11*k**2 - 10*k + 10. Let o(n) = 2*n**2 - 49*n + 34*n + 24*n + 2. Let p be o(-5). Is u(p) a prime number?
True
Suppose 0 = n + 3, -6*x + 10 = -8*x - 4*n. Is 3 - (15 - -836)*(-6 + x) prime?
False
Let r = 384709 + -200006. Is r a composite number?
False
Let g be 83640/16 + (-3)/(-2). Suppose -g = -0*v - 9*v. Is v prime?
False
Let m(z) = -308*z + 19. Suppose 2*q + 2*v + 7 = -3*q, 4*q - v + 16 = 0. Is m(q) composite?
True
Is (-385761)/(-3) + (5 + -1 + -3 - -3) a prime number?
True
Let t(u) = 7*u**3 - 7*u**2 - 2*u. Let a(s) = 6*s**3 - 7*s**2 - s + 1. Let n(c) = -5*a(c) + 4*t(c). Is n(-9) a prime number?
False
Suppose -2*f + 39684 = -39*g + 38*g, 5*g - 39672 = -2*f. Is f a composite number?
False
Let t = 1107 + -2533. Let b = t - -3575. Is b prime?
False
Is 14/((-154)/165) + 64658 a prime number?
False
Let j = 270 - 265. Suppose 5*f = -j*l + 3828 + 4952, -4*f + 2*l + 7042 = 0. Is f composite?
False
Let f be 1 + 1 - (-22 - -7). Let q = 22 - f. Suppose 83 = s + z - 96, -923 = -q*s + 2*z. Is s prime?
False
Suppose 5*a + 2*k - 300 = 0, -a + 56 = -3*k - 21. Suppose -6*f + a = 2. Suppose 12*c - 2830 = f*c. Is c a composite number?
True
Let r = -11275 + 27776. Is r a prime number?
False
Let o(v) = 25*v**2 + 11*v + 5. Suppose -7*a + 589 = 225. Let r = -44 + a. Is o(r) prime?
True
Suppose 2*b + 3*s + 5227 = -11953, b = -2*s - 8589. Let y = 1966 - b. Is y a composite number?
False
Suppose 0 = 131*k - 155*k + 1451688. Is k a prime number?
False
Let j = 295828 - 111869. Is j a prime number?
True
Suppose -19*c = -18*c. Is 0 + 253 + c*(-11)/132 prime?
False
Let w(k) = -5*k - 35. Let g be w(-14). Is (-8)/(-28) - (-165645)/g prime?
True
Suppose 16*n + 251 = 15*n. Let j = n - -14. Let d = j + 634. Is d a composite number?
False
Suppose 30*l = 23*l + 70987. Suppose 0*j + 27152 = -4*j. Let k = j + l. Is k a composite number?
True
Let j be ((-7)/3)/((-2)/(-6)). Let z(o) = 174*o + 8. Let k(p) = 88*p + 3. Let x(m) = 5*k(m) - 3*z(m). Is x(j) composite?
True
Let w(o) = o**2 - o + 6334. Let g be w(0). Let a = g + -2573. Is a prime?
True
Let b = 447 + -533. Let u = 727 + b. Is u a composite number?
False
Let a(i) = -5*i**3 + 61*i**2 + 382*i + 139. Is a(-62) prime?
False
Let r = 24 - 17. Let n be (4 - 8) + r - -5*1. Is (596/n)/((6/4)/3) prime?
True
Let l(b) = -199*b + 20. Suppose -11*c - 57 = 64. Is l(c) composite?
True
Let u = 46 + -44. Suppose -2*l = -3*t - 692, -4*l + 0*t + 1376 = -u*t. Let s = l - -270. Is s prime?
True
Suppose 5*p = k - 32, 10*k - 6*k = -4*p - 16. Let m(j) = -93*j - 71. Is m(p) prime?
True
Let t(j) = -15*j + 321. Let g be t(19). Suppose -12*m - g*m = -9168. Is m composite?
False
Suppose 6068 = -q - 3078. Let n = 13875 + q. Is n a composite number?
False
Is (30727956/(-210))/(5/(-25)) a prime number?
False
Let o(u) = -5*u - 5. Let q = 9 - 11. Let v be o(q). Suppose -4*y = v*n - 2359 + 766, -2*n + 4*y = -626. Is n prime?
True
Let a = -6 + 8. Let n(w) = 2*w**2 + w**a + 41*w - 37*w + 8. Is n(-7) prime?
True
Let c = 7948 + -5452. Suppose -814 = -2*r + c. Is r a composite number?
True
Let q(h) = 396*h**2 + 9 - 17*h**2 + 3*h - 8*h. Let c be q(4). Suppose 6*y - c = -5*p + 7*y, 2*y + 4840 = 4*p. Is p a prime number?
False
Let f be (2 - 15/(-12)) + (-2)/8. Suppose -k + 5*s = f + 1, -5*k = -4*s - 64. Is 1840 + 1/(-5) + k/5 a prime number?
False
Let w(m) = 4*m**3 + m**2 - 24*m + 19. Suppose 109 = -5*h + 149. Is w(h) a composite number?
True
Let s(k) = 2*k - 4. Let r be s(-6). Is (r - -22) + 2717/1 a composite numbe